{"id":50,"date":"2024-11-27T00:02:13","date_gmt":"2024-11-27T00:02:13","guid":{"rendered":"https:\/\/movimientominga.com\/?page_id=50"},"modified":"2024-11-27T00:02:13","modified_gmt":"2024-11-27T00:02:13","slug":"formacion-politica","status":"publish","type":"page","link":"https:\/\/movimientominga.com\/index.php\/formacion-politica\/","title":{"rendered":"Formaci\u00f3n pol\u00edtica"},"content":{"rendered":"\n<p>El Movimiento de Integraci\u00f3n por un Gobierno Alternativo <strong>\u201cMINGA\u201d,<\/strong> considera como responsabilidad fundamental establecer los lineamientos en los cuales se debe basar la formaci\u00f3n pol\u00edtica de los militantes y simpatizantes de nuestro movimiento.<\/p>\n\n\n\n<p>La formaci\u00f3n pol\u00edtica tiene como finalidad preparar a nuestra militancia, en primer momento, para que asuma los cargos de direcci\u00f3n dentro del movimiento e interact\u00fae con los sectores sociales de la localidad; luego, como segundo momento, para que lidere en buenas condiciones la gesti\u00f3n del gobierno local.<\/p>\n\n\n\n<p>El programa de formaci\u00f3n pol\u00edtica debe incluir los siguientes aspectos: realidad local, nacional e internacional; derecho electoral y derecho p\u00fablico en torno al gobierno local; organizaci\u00f3n y administraci\u00f3n del GAD municipal; elaboraci\u00f3n del programa de gobierno local; ciencia pol\u00edtica y gobernanza; cultura; ecolog\u00eda; humanismo; valores humanos y \u00e9tica pol\u00edtica.<\/p>\n\n\n\n<p>Para llevar adelante la formaci\u00f3n pol\u00edtica, se debe constituir la Escuela de Formaci\u00f3n Pol\u00edtica denominada <strong>\u201cJuan Montalvo\u201d,<\/strong> por as\u00ed ordenarlo el Art. 28 literal a) del R\u00e9gimen Org\u00e1nico, cuya responsabilidad recae principalmente en el responsable de formaci\u00f3n pol\u00edtica elegido democr\u00e1ticamente como miembro del Colectivo de Direcci\u00f3n.&nbsp;&nbsp;<\/p>\n\n\n\n<p>La formaci\u00f3n pol\u00edtica se desarrollar\u00e1 por niveles estructurados de la siguientes manera:<\/p>\n\n\n\n<p><strong>Primer nivel:<\/strong> gobierno local<\/p>\n\n\n\n<ul class=\"wp-block-list\">\n<li>Realidad local;\u00a0<\/li>\n\n\n\n<li>Derecho electoral y derecho p\u00fablico en torno al gobierno local<\/li>\n\n\n\n<li>Organizaci\u00f3n y administraci\u00f3n del GAD municipal<\/li>\n\n\n\n<li>Elaboraci\u00f3n de un plan de trabajo para el gobierno local<\/li>\n<\/ul>\n\n\n\n<p><strong>Segundo nivel: <\/strong>ciencia pol\u00edtica y gobernanza<\/p>\n\n\n\n<p><strong>Tercer nivel: <\/strong>valores humanos y \u00e9tica pol\u00edtica<\/p>\n\n\n\n<p><strong>Cuarto nivel:<\/strong> cultura, ecolog\u00eda y humanismo<\/p>\n","protected":false},"excerpt":{"rendered":"<p>El Movimiento de Integraci\u00f3n por un Gobierno Alternativo \u201cMINGA\u201d, considera como responsabilidad fundamental establecer los lineamientos en los cuales se debe basar la formaci\u00f3n pol\u00edtica de los militantes y simpatizantes de nuestro movimiento. La formaci\u00f3n pol\u00edtica tiene como finalidad preparar a nuestra militancia, en primer momento, para que asuma los cargos de direcci\u00f3n dentro del [&hellip;]<\/p>\n","protected":false},"author":1,"featured_media":0,"parent":0,"menu_order":0,"comment_status":"closed","ping_status":"closed","template":"","meta":{"footnotes":""},"class_list":["post-50","page","type-page","status-publish","hentry"],"_links":{"self":[{"href":"https:\/\/movimientominga.com\/index.php\/wp-json\/wp\/v2\/pages\/50","targetHints":{"allow":["GET"]}}],"collection":[{"href":"https:\/\/movimientominga.com\/index.php\/wp-json\/wp\/v2\/pages"}],"about":[{"href":"https:\/\/movimientominga.com\/index.php\/wp-json\/wp\/v2\/types\/page"}],"author":[{"embeddable":true,"href":"https:\/\/movimientominga.com\/index.php\/wp-json\/wp\/v2\/users\/1"}],"replies":[{"embeddable":true,"href":"https:\/\/movimientominga.com\/index.php\/wp-json\/wp\/v2\/comments?post=50"}],"version-history":[{"count":1,"href":"https:\/\/movimientominga.com\/index.php\/wp-json\/wp\/v2\/pages\/50\/revisions"}],"predecessor-version":[{"id":52,"href":"https:\/\/movimientominga.com\/index.php\/wp-json\/wp\/v2\/pages\/50\/revisions\/52"}],"wp:attachment":[{"href":"https:\/\/movimientominga.com\/index.php\/wp-json\/wp\/v2\/media?parent=50"}],"curies":[{"name":"wp","href":"https:\/\/api.w.org\/{rel}","templated":true}]}}